 of 7880585.
5, 1576117
List the prime factors of 1651466.
2, 825733
List the prime factors of 156307.
156307
List the prime factors of 45030.
2, 3, 5, 19, 79
List the prime factors of 912115.
5, 182423
List the prime factors of 1220275.
5, 7, 19, 367
List the prime factors of 3091171.
3091171
List the prime factors of 712575.
3, 5, 3167
List the prime factors of 28626.
2, 3, 13, 367
What are the prime factors of 1613271?
3, 11, 19, 31, 83
What are the prime factors of 3354238?
2, 241, 6959
What are the prime factors of 591535?
5, 7, 16901
What are the prime factors of 259524?
2, 3, 89
What are the prime factors of 7948327?
19, 487, 859
List the prime factors of 788637.
3, 199, 1321
List the prime factors of 12332383.
7, 251, 7019
What are the prime factors of 959108?
2, 347, 691
What are the prime factors of 51425?
5, 11, 17
What are the prime factors of 21175047?
3, 17, 46133
List the prime factors of 449518.
2, 224759
What are the prime factors of 167583?
3, 13, 4297
List the prime factors of 3413978.
2, 1706989
List the prime factors of 714333.
3, 31, 7681
List the prime factors of 1716966.
2, 3, 17, 31, 181
What are the prime factors of 917066?
2, 458533
List the prime factors of 4130364.
2, 3, 7, 49171
List the prime factors of 744962.
2, 372481
What are the prime factors of 776850?
2, 3, 5, 5179
List the prime factors of 6794709.
3, 2264903
List the prime factors of 318092.
2, 281, 283
What are the prime factors of 171820?
2, 5, 11, 71
What are the prime factors of 1651234?
2, 13, 41, 1549
List the prime factors of 40929981.
3, 1123, 12149
List the prime factors of 101209.
101209
What are the prime factors of 40716786?
2, 3, 11, 43, 14347
What are the prime factors of 307969?
307969
List the prime factors of 216284.
2, 139, 389
What are the prime factors of 61824?
2, 3, 7, 23
List the prime factors of 200595.
3, 5, 43, 311
What are the prime factors of 23071770?
2, 3, 5, 85451
List the prime factors of 1935281.
1935281
What are the prime factors of 31199289?
3, 11, 937, 1009
What are the prime factors of 553415?
5, 151, 733
List the prime factors of 3354371.
3354371
List the prime factors of 304684.
2, 19, 211
List the prime factors of 34362617.
151, 227567
List the prime factors of 814256.
2, 50891
What are the prime factors of 7720669?
11, 17, 19, 41, 53
List the prime factors of 3463140.
2, 3, 5, 57719
What are the prime factors of 13831307?
7, 1975901
List the prime factors of 6145037.
19, 31, 10433
List the prime factors of 430885.
5, 7, 13, 947
List the prime factors of 30866360.
2, 5, 7, 110237
List the prime factors of 16984418.
2, 11, 772019
What are the prime factors of 149903?
13, 887
What are the prime factors of 1705761?
3, 189529
What are the prime factors of 1212268?
2, 37, 8191
List the prime factors of 91157.
11, 8287
What are the prime factors of 868896?
2, 3, 7, 431
List the prime factors of 2007517.
2007517
What are the prime factors of 952095?
3, 5, 63473
What are the prime factors of 11761770?
2, 3, 5, 392059
What are the prime factors of 25639869?
3, 8546623
What are the prime factors of 16501?
29, 569
List the prime factors of 365561.
7, 52223
List the prime factors of 260684.
2, 65171
List the prime factors of 4201580.
2, 5, 421, 499
What are the prime factors of 4472231?
163, 27437
List the prime factors of 152124.
2, 3, 7, 1811
List the prime factors of 4357532.
2, 1089383
What are the prime factors of 892904?
2, 239, 467
List the prime factors of 25320801.
3, 11, 71, 101, 107
What are the prime factors of 439488?
2, 3, 7, 109
List the prime factors of 1854273.
3, 73, 8467
What are the prime factors of 20836?
2, 5209
What are the prime factors of 264496?
2, 61, 271
List the prime factors of 4053564.
2, 3, 12511
What are the prime factors of 5991080?
2, 5, 19, 7883
What are the prime factors of 519576?
2, 3, 21649
List the prime factors of 416753.
149, 2797
What are the prime factors of 2321829?
3, 257981
List the prime factors of 31226.
2, 13, 1201
What are the prime factors of 4348095?
3, 5, 89, 3257
List the prime factors of 814722.
2, 3, 135787
List the prime factors of 3822348.
2, 3, 17, 41, 457
What are the prime factors of 177366?
2, 3, 7, 41, 103
What are the prime factors of 1193803?
13, 131, 701
List the prime factors of 2626198.
2, 421, 3119
List the prime factors of 2001167.
7, 263, 1087
List the prime factors of 490391.
11, 109, 409
What are the prime factors of 6539714?
2, 307, 10651
List the prime factors of 4207983.
3, 13, 107897
What are the prime factors of 4256672?
2, 7, 31, 613
List the prime factors of 14653451.
197, 74383
What are the prime factors of 212675?
5, 47, 181
What are the prime factors of 3770320?
2, 5, 47129
What are the prime factors of 242953?
19, 673
What are the prime factors of 30935457?
3, 7, 491039
List the prime factors of 5824160.
2, 5, 89, 409
List the prime factors of 175564.
2, 43891
What are the prime factors of 668119?
433, 1543
List the prime factors of 836487.
3, 23, 449
What are the prime factors of 12136143?
3, 4045381
What are the prime factors of 100783?
97, 1039
List the prime factors of 259077.
3, 7, 13, 73
List the prime factors of 24451455.
3, 5, 7, 232871
What are the prime factors of 94979?
17, 37, 151
List the prime factors of 65033.
65033
What are the prime factors of 123924?
2, 3, 23, 449
List the prime factors of 203270.
2, 5, 20327
List the prime factors of 632964.
2, 3, 52747
What are the prime factors of 214698?
2, 3, 11, 3253
What are the prime factors of 2354110?
2, 5, 11, 21401
List the prime factors of 234164.
2, 7, 8363
What are the prime factors of 76058?
2, 17, 2237
What are the prime factors of 7583348?
2, 109, 17393
List the prime factors of 818914.
2, 71, 73, 79
What are the prime factors of 401008?
2, 71, 353
List the prime factors of 3848418.
2, 3, 7, 10181
List the prime factors of 98194.
2, 29, 1693
What are the prime factors of 96938?
2, 19, 2551
List the prime factors of 538665.
3, 5, 35911
List the prime factors of 8249865.
3, 5, 13, 42307
List the prime factors of 18285381.
3, 31, 65539
List the prime factors of 2088993.
3, 19, 67, 547
List the prime factors of 41567.
197, 211
List the prime factors of 602920.
2, 5, 15073
List the prime factors of 12197518.
2, 6098759
List the prime factors of 20701339.
20701339
List the prime factors of 5577.
3, 11, 13
List the prime factors of 299346.
2, 3, 49891
List the prime factors of 424741.
23, 59, 313
List the prime factors of 12011366.
2, 1697, 3539
What are the prime factors of 396699?
3, 132233
List the prime factors of 168921.
3, 137
What are the prime factors of 6157731?
3, 2052577
List the prime factors of 7162491.
3, 7, 17, 20063
What are the prime factors of 818086?
2, 409043
List the prime factors of 743638.
2, 7, 53117
What are the prime factors of 255122?
2, 7, 18223
List the prime factors of 2687527.
23, 116849
What are the prime factors of 3108411?
3, 345379
What are the prime factors of 7442707?
673, 11059
List the prime factors of 1082633.
23, 103, 457
List the prime factors of 273886.
2, 136943
What are the prime factors of 99400?
2, 5, 7, 71
List the prime factors of 1655685.
3, 5, 36793
What are the prime factors of 714117?
3, 238039
What are the prime factors of 3628252?
2, 907063
What are the prime factors of 1019438?
2, 7, 72817
What are the prime factors of 19361741?
7, 19, 145577
List the prime factors of 5485847.
5485847
What are the prime factors of 43748?
2, 10937
What are the prime factors of 7862?
2, 3931
List the prime factors of 35348123.
83, 131, 3251
List the prime factors of 167554.
2, 83777
List the prime factors of 13626102.
2, 3, 7, 324431
What are the prime factors of 154947?
3, 13, 29, 137
List the prime factors of 561289.
17, 137, 241
What are the prime factors of 18910684?
2, 13, 359, 1013
What are the prime factors of 2004059?
23, 87133
List the prime factors of 501186.
2, 3, 7, 11933
What are the prime factors of 1234090?
2, 5, 11, 13, 863
What are the prime factors of 180612?
2, 3, 29, 173
List the prime factors of 4858667.
11, 441697
What are the prime factors of 3339693?
3, 7, 7573
What are the prime factors of 370049?
157, 2357
List the prime factors of 227020.
2, 5, 11351
What are the prime factors of 1691640?
2, 3, 5, 37, 127
What ar